881
List the prime factors of 691.
691
What are the prime factors of 21053?
37, 569
What are the prime factors of 101?
101
List the prime factors of 763.
7, 109
List the prime factors of 538.
2, 269
What are the prime factors of 196?
2, 7
What are the prime factors of 9?
3
What are the prime factors of 1421?
7, 29
List the prime factors of 8192.
2
List the prime factors of 133785.
3, 5, 991
What are the prime factors of 2397?
3, 17, 47
List the prime factors of 49326.
2, 3, 8221
What are the prime factors of 21957?
3, 13, 563
List the prime factors of 118480.
2, 5, 1481
List the prime factors of 306.
2, 3, 17
List the prime factors of 10230.
2, 3, 5, 11, 31
List the prime factors of 2223.
3, 13, 19
List the prime factors of 13577.
13577
What are the prime factors of 33424?
2, 2089
What are the prime factors of 62694?
2, 3, 43
What are the prime factors of 17707?
17707
List the prime factors of 6500.
2, 5, 13
List the prime factors of 3634.
2, 23, 79
List the prime factors of 34193.
31, 1103
What are the prime factors of 1226?
2, 613
What are the prime factors of 4173?
3, 13, 107
List the prime factors of 147455.
5, 7, 11, 383
List the prime factors of 38851.
38851
What are the prime factors of 2555?
5, 7, 73
What are the prime factors of 5567?
19, 293
List the prime factors of 29756.
2, 43, 173
What are the prime factors of 802?
2, 401
What are the prime factors of 7180?
2, 5, 359
List the prime factors of 532.
2, 7, 19
What are the prime factors of 979?
11, 89
What are the prime factors of 3774?
2, 3, 17, 37
List the prime factors of 31145.
5, 6229
List the prime factors of 92124.
2, 3, 853
What are the prime factors of 22088?
2, 11, 251
List the prime factors of 43609.
43609
What are the prime factors of 24069?
3, 71, 113
List the prime factors of 1132.
2, 283
What are the prime factors of 489?
3, 163
List the prime factors of 40784.
2, 2549
List the prime factors of 32907.
3, 7, 1567
What are the prime factors of 2890?
2, 5, 17
What are the prime factors of 12223?
17, 719
What are the prime factors of 1507?
11, 137
What are the prime factors of 418?
2, 11, 19
List the prime factors of 5789.
7, 827
List the prime factors of 145371.
3, 47, 1031
List the prime factors of 2084.
2, 521
List the prime factors of 1926.
2, 3, 107
List the prime factors of 61140.
2, 3, 5, 1019
List the prime factors of 1095.
3, 5, 73
What are the prime factors of 88555?
5, 89, 199
List the prime factors of 1801.
1801
List the prime factors of 35191.
13, 2707
List the prime factors of 2824.
2, 353
What are the prime factors of 6738?
2, 3, 1123
What are the prime factors of 620?
2, 5, 31
What are the prime factors of 2014?
2, 19, 53
What are the prime factors of 112?
2, 7
List the prime factors of 1939.
7, 277
List the prime factors of 62002.
2, 29, 1069
What are the prime factors of 23099?
23099
List the prime factors of 1363.
29, 47
List the prime factors of 71671.
71671
List the prime factors of 8324.
2, 2081
What are the prime factors of 80880?
2, 3, 5, 337
What are the prime factors of 4046?
2, 7, 17
List the prime factors of 8467.
8467
What are the prime factors of 3089?
3089
List the prime factors of 14248.
2, 13, 137
List the prime factors of 30875.
5, 13, 19
List the prime factors of 30458.
2, 97, 157
List the prime factors of 144578.
2, 7, 23, 449
What are the prime factors of 4034?
2, 2017
What are the prime factors of 144366?
2, 3, 24061
What are the prime factors of 70038?
2, 3, 1297
What are the prime factors of 23556?
2, 3, 13, 151
What are the prime factors of 380?
2, 5, 19
What are the prime factors of 1350?
2, 3, 5
List the prime factors of 8972.
2, 2243
What are the prime factors of 30115?
5, 19, 317
What are the prime factors of 106?
2, 53
List the prime factors of 1553.
1553
List the prime factors of 22488.
2, 3, 937
What are the prime factors of 1648?
2, 103
List the prime factors of 1519.
7, 31
What are the prime factors of 158?
2, 79
List the prime factors of 12806.
2, 19, 337
List the prime factors of 5329.
73
List the prime factors of 3850.
2, 5, 7, 11
What are the prime factors of 716?
2, 179
What are the prime factors of 838?
2, 419
List the prime factors of 398.
2, 199
List the prime factors of 2159.
17, 127
List the prime factors of 467.
467
What are the prime factors of 58772?
2, 7, 2099
List the prime factors of 4437.
3, 17, 29
What are the prime factors of 1754?
2, 877
What are the prime factors of 30493?
30493
List the prime factors of 3344.
2, 11, 19
What are the prime factors of 1499?
1499
List the prime factors of 823.
823
List the prime factors of 6031.
37, 163
What are the prime factors of 47319?
3, 15773
What are the prime factors of 7477?
7477
What are the prime factors of 9153?
3, 113
What are the prime factors of 2281?
2281
What are the prime factors of 291?
3, 97
List the prime factors of 2038.
2, 1019
List the prime factors of 1427.
1427
List the prime factors of 18479.
17, 1087
What are the prime factors of 57169?
7, 8167
List the prime factors of 4954.
2, 2477
List the prime factors of 300.
2, 3, 5
What are the prime factors of 1527?
3, 509
What are the prime factors of 197?
197
What are the prime factors of 63?
3, 7
What are the prime factors of 2305?
5, 461
List the prime factors of 129919.
129919
What are the prime factors of 93445?
5, 11, 1699
List the prime factors of 25711.
7, 3673
List the prime factors of 160.
2, 5
What are the prime factors of 3132?
2, 3, 29
List the prime factors of 2387.
7, 11, 31
List the prime factors of 13426.
2, 7, 137
List the prime factors of 28791.
3, 7, 457
List the prime factors of 2614.
2, 1307
What are the prime factors of 119922?
2, 3, 11, 23, 79
List the prime factors of 5502.
2, 3, 7, 131
List the prime factors of 50821.
50821
What are the prime factors of 20667?
3, 83
What are the prime factors of 2723?
7, 389
List the prime factors of 4687.
43, 109
List the prime factors of 1654.
2, 827
What are the prime factors of 11342?
2, 53, 107
List the prime factors of 3555.
3, 5, 79
List the prime factors of 2013.
3, 11, 61
What are the prime factors of 64178?
2, 32089
List the prime factors of 43426.
2, 21713
List the prime factors of 105045.
3, 5, 47, 149
What are the prime factors of 106572?
2, 3, 83, 107
What are the prime factors of 1130?
2, 5, 113
What are the prime factors of 784?
2, 7
List the prime factors of 52825.
5, 2113
What are the prime factors of 9809?
17, 577
List the prime factors of 12948.
2, 3, 13, 83
List the prime factors of 4889.
4889
What are the prime factors of 399?
3, 7, 19
List the prime factors of 4823.
7, 13, 53
List the prime factors of 4812.
2, 3, 401
What are the prime factors of 62625?
3, 5, 167
List the prime factors of 173.
173
What are the prime factors of 110674?
2, 55337
What are the prime factors of 4631?
11, 421
What are the prime factors of 4429?
43, 103
List the prime factors of 7217.
7, 1031
What are the prime factors of 1191?
3, 397
List the prime factors of 95435.
5, 19087
What are the prime factors of 76722?
2, 3, 19, 673
List the prime factors of 10823.
79, 137
What are the prime factors of 507?
3, 13
List the prime factors of 29.
29
List the prime factors of 3612.
2, 3, 7, 43
List the prime factors of 611.
13, 47
List the prime factors of 1368.
2, 3, 19
What are the prime factors of 3857?
7, 19, 29
What are the prime factors of 6668?
2, 1667
What are the prime factors of 9439?
9439
List the prime factors of 18895.
5, 3779
List the prime factors of 2639.
7, 13, 29
List the prime factors of 960.
2, 3, 5
List the prime factors of 4074.
2, 3, 7, 97
What are the prime factors of 2388?
2, 3, 199
List the prime factors of 4103.
11, 373
What are the prime factors of 4610?
2, 5, 461
List the prime factors of 10610.
2, 5, 1061
List the prime factors of 78.
2, 3, 13
What are the prime factors of 1180?
2, 5, 59
List the prime factors of 112.
2, 7
List the prime factors of 26090.
2, 5, 2609
What are the prime factors of 27870?
2, 3, 5, 929
List the prime factors of 8978.
2, 67
List the prime factors of 7498.
2, 23, 163
List the prime factors of 2905.
5, 7, 83
List the prime factors of 10919.
61, 179
List the prime factors of 73348.
2, 11, 1667
What are the prime factors of 71443?
71443
What are the prime factors of 53274?
2, 3, 13, 683
List the pr